{"id":386,"date":"2012-09-24T17:39:09","date_gmt":"2012-09-24T15:39:09","guid":{"rendered":"http:\/\/pl.wordpress.org\/?page_id=386"},"modified":"2017-03-28T15:50:18","modified_gmt":"2017-03-28T13:50:18","slug":"zlecenia","status":"publish","type":"page","link":"https:\/\/pl.wordpress.org\/zlecenia\/","title":{"rendered":"Zlecenia"},"content":{"rendered":"<p>Je\u015bli szukasz osoby, kt\u00f3ra wykona prac\u0119 zwi\u0105zan\u0105 z WordPressem za ciebie albo podejmiesz si\u0119 takiego zlecenia, zapraszamy na jedn\u0105 z poni\u017cszych witryn. Prosz\u0119 pami\u0119ta\u0107: witryny te nie s\u0105 w \u017caden spos\u00f3b powi\u0105zane z t\u0105 witryn\u0105.<\/p>\n<ul>\n<li><a href=\"http:\/\/wpzlecenia.pl\/\">WP Zlecenia<\/a><\/li>\n<li><a href=\"http:\/\/jobs.wordpress.net\/\">WordPress Jobs<\/a>\u00a0(po angielsku)<\/li>\n<\/ul>\n","protected":false},"excerpt":{"rendered":"<p>Je\u015bli szukasz osoby, kt\u00f3ra wykona prac\u0119 zwi\u0105zan\u0105 z WordPressem za ciebie albo podejmiesz si\u0119 takiego zlecenia, zapraszamy na jedn\u0105 z poni\u017cszych witryn. Prosz\u0119 pami\u0119ta\u0107: witryny te nie s\u0105 w \u017caden spos\u00f3b powi\u0105zane z t\u0105 witryn\u0105. WP Zlecenia WordPress Jobs\u00a0(po angielsku)<\/p>\n","protected":false},"author":1056644,"featured_media":0,"parent":0,"menu_order":0,"comment_status":"open","ping_status":"open","template":"","meta":{"_crdt_document":"","jetpack_post_was_ever_published":false,"footnotes":""},"class_list":["post-386","page","type-page","status-publish","hentry"],"jetpack_sharing_enabled":true,"_links":{"self":[{"href":"https:\/\/pl.wordpress.org\/wp-json\/wp\/v2\/pages\/386","targetHints":{"allow":["GET"]}}],"collection":[{"href":"https:\/\/pl.wordpress.org\/wp-json\/wp\/v2\/pages"}],"about":[{"href":"https:\/\/pl.wordpress.org\/wp-json\/wp\/v2\/types\/page"}],"author":[{"embeddable":true,"href":"https:\/\/pl.wordpress.org\/wp-json\/wp\/v2\/users\/1056644"}],"replies":[{"embeddable":true,"href":"https:\/\/pl.wordpress.org\/wp-json\/wp\/v2\/comments?post=386"}],"version-history":[{"count":4,"href":"https:\/\/pl.wordpress.org\/wp-json\/wp\/v2\/pages\/386\/revisions"}],"predecessor-version":[{"id":778,"href":"https:\/\/pl.wordpress.org\/wp-json\/wp\/v2\/pages\/386\/revisions\/778"}],"wp:attachment":[{"href":"https:\/\/pl.wordpress.org\/wp-json\/wp\/v2\/media?parent=386"}],"curies":[{"name":"wp","href":"https:\/\/api.w.org\/{rel}","templated":true}]}}