{"id":7,"date":"2011-10-17T08:19:38","date_gmt":"2011-10-17T08:19:38","guid":{"rendered":"http:\/\/is.wordpress.org\/contact\/"},"modified":"2012-05-28T23:42:05","modified_gmt":"2012-05-28T23:42:05","slug":"contact","status":"publish","type":"page","link":"https:\/\/is.wordpress.org\/contact\/","title":{"rendered":"Hafa samband"},"content":{"rendered":"<p>\u00de\u00fa getur haft samband vi\u00f0 \u00fe\u00fd\u00f0endur WordPress \u00e1 \u00edslensku me\u00f0 \u00fev\u00ed a\u00f0 fylla \u00fat \u00feetta form.<\/p>\n<p>Athugi\u00f0 a\u00f0 \u00fe\u00fd\u00f0ingin er \u00f6ll unnin \u00ed sj\u00e1lfbo\u00f0avinnu.<\/p>\n","protected":false},"excerpt":{"rendered":"<p>\u00de\u00fa getur haft samband vi\u00f0 \u00fe\u00fd\u00f0endur WordPress \u00e1 \u00edslensku me\u00f0 \u00fev\u00ed a\u00f0 fylla \u00fat \u00feetta form. Athugi\u00f0 a\u00f0 \u00fe\u00fd\u00f0ingin er \u00f6ll unnin \u00ed sj\u00e1lfbo\u00f0avinnu.<\/p>\n","protected":false},"author":113620,"featured_media":0,"parent":0,"menu_order":0,"comment_status":"open","ping_status":"open","template":"contact.php","meta":{"_crdt_document":"","jetpack_post_was_ever_published":false,"footnotes":""},"class_list":["post-7","page","type-page","status-publish","hentry"],"jetpack_sharing_enabled":true,"_links":{"self":[{"href":"https:\/\/is.wordpress.org\/wp-json\/wp\/v2\/pages\/7","targetHints":{"allow":["GET"]}}],"collection":[{"href":"https:\/\/is.wordpress.org\/wp-json\/wp\/v2\/pages"}],"about":[{"href":"https:\/\/is.wordpress.org\/wp-json\/wp\/v2\/types\/page"}],"replies":[{"embeddable":true,"href":"https:\/\/is.wordpress.org\/wp-json\/wp\/v2\/comments?post=7"}],"version-history":[{"count":3,"href":"https:\/\/is.wordpress.org\/wp-json\/wp\/v2\/pages\/7\/revisions"}],"predecessor-version":[{"id":21,"href":"https:\/\/is.wordpress.org\/wp-json\/wp\/v2\/pages\/7\/revisions\/21"}],"author":[{"embeddable":true,"href":"https:\/\/is.wordpress.org\/wp-json\/wporg\/v1\/users\/vanillalounge"}],"wp:attachment":[{"href":"https:\/\/is.wordpress.org\/wp-json\/wp\/v2\/media?parent=7"}],"curies":[{"name":"wp","href":"https:\/\/api.w.org\/{rel}","templated":true}]}}