{"id":60,"date":"2010-10-21T15:33:29","date_gmt":"2010-10-21T12:33:29","guid":{"rendered":"http:\/\/fi.wordpress.org\/?page_id=60"},"modified":"2018-02-15T23:21:19","modified_gmt":"2018-02-15T21:21:19","slug":"osallistu","status":"publish","type":"page","link":"https:\/\/fi.wordpress.org\/osallistu\/","title":{"rendered":"Osallistu"},"content":{"rendered":"<p>WordPressin kehitt\u00e4miseen voi osallistua monella tavalla.\u00a0N\u00e4kyvimm\u00e4t paikalliset osallistumisen muodot\u00a0ovat WordPressin ja sen lis\u00e4osien k\u00e4\u00e4nt\u00e4minen suomeksi sek\u00e4 paikallistapahtumat.<\/p>\n<ul>\n<li>K\u00e4\u00e4nt\u00e4misen alkuun p\u00e4\u00e4set lukemalla <a href=\"https:\/\/fi.wordpress.org\/osallistu\/kaantajan-kasikirja\/\">k\u00e4\u00e4nt\u00e4j\u00e4n k\u00e4sikirjan<\/a>.<\/li>\n<li>Paikallisia tapaamisia on <a href=\"http:\/\/meetup.com\/Tampere-WordPress-Meetup\">Tampereella<\/a>, <a href=\"http:\/\/meetup.com\/Jyvaskyla-WordPress-Meetup\/\">Jyv\u00e4skyl\u00e4ss\u00e4<\/a>, <a href=\"http:\/\/www.meetup.com\/WPHelsinki\/\">Helsingiss\u00e4<\/a>,\u00a0<a href=\"http:\/\/www.meetup.com\/Turku-WordPress-Meetup\/\">Turussa<\/a>, <a href=\"https:\/\/www.meetup.com\/Oulu-WordPress-Meetup\">Oulussa<\/a> ja <a href=\"https:\/\/www.meetup.com\/Seinajoki-WordPress-Meetup\">Sein\u00e4joella<\/a>. Tapaamisiin ovat tervetulleita niin aloittelevat kuin edistyneemm\u00e4tkin WordPressin k\u00e4ytt\u00e4j\u00e4t tai kehitt\u00e4j\u00e4t.<\/li>\n<li><a href=\"https:\/\/fi.wordpress.org\/chat\/\">Tule keskustelemaan<\/a> muiden WordPressi\u00e4 k\u00e4ytt\u00e4vien suomalaisten kanssa.<\/li>\n<li>Muista osallistumisen muotoja l\u00f6yd\u00e4t englanninkielisilt\u00e4 <a href=\"https:\/\/make.wordpress.org\">make.wordpress.org<\/a>-sivuilta.<\/li>\n<\/ul>\n","protected":false},"excerpt":{"rendered":"<p>WordPressin kehitt\u00e4miseen voi osallistua monella tavalla.\u00a0N\u00e4kyvimm\u00e4t paikalliset osallistumisen muodot\u00a0ovat WordPressin ja sen lis\u00e4osien k\u00e4\u00e4nt\u00e4minen suomeksi sek\u00e4 paikallistapahtumat. K\u00e4\u00e4nt\u00e4misen alkuun p\u00e4\u00e4set lukemalla k\u00e4\u00e4nt\u00e4j\u00e4n k\u00e4sikirjan. Paikallisia tapaamisia on Tampereella, Jyv\u00e4skyl\u00e4ss\u00e4, Helsingiss\u00e4,\u00a0Turussa, Oulussa ja Sein\u00e4joella. Tapaamisiin ovat tervetulleita niin aloittelevat kuin edistyneemm\u00e4tkin WordPressin k\u00e4ytt\u00e4j\u00e4t tai kehitt\u00e4j\u00e4t. Tule keskustelemaan muiden WordPressi\u00e4 k\u00e4ytt\u00e4vien suomalaisten kanssa. Muista osallistumisen muotoja l\u00f6yd\u00e4t englanninkielisilt\u00e4 [&hellip;]<\/p>\n","protected":false},"author":5422250,"featured_media":0,"parent":0,"menu_order":0,"comment_status":"closed","ping_status":"closed","template":"","meta":{"_crdt_document":"","jetpack_post_was_ever_published":false,"footnotes":""},"class_list":["post-60","page","type-page","status-publish","hentry"],"jetpack_sharing_enabled":true,"_links":{"self":[{"href":"https:\/\/fi.wordpress.org\/wp-json\/wp\/v2\/pages\/60","targetHints":{"allow":["GET"]}}],"collection":[{"href":"https:\/\/fi.wordpress.org\/wp-json\/wp\/v2\/pages"}],"about":[{"href":"https:\/\/fi.wordpress.org\/wp-json\/wp\/v2\/types\/page"}],"author":[{"embeddable":true,"href":"https:\/\/fi.wordpress.org\/wp-json\/wp\/v2\/users\/5422250"}],"replies":[{"embeddable":true,"href":"https:\/\/fi.wordpress.org\/wp-json\/wp\/v2\/comments?post=60"}],"version-history":[{"count":54,"href":"https:\/\/fi.wordpress.org\/wp-json\/wp\/v2\/pages\/60\/revisions"}],"predecessor-version":[{"id":605,"href":"https:\/\/fi.wordpress.org\/wp-json\/wp\/v2\/pages\/60\/revisions\/605"}],"wp:attachment":[{"href":"https:\/\/fi.wordpress.org\/wp-json\/wp\/v2\/media?parent=60"}],"curies":[{"name":"wp","href":"https:\/\/api.w.org\/{rel}","templated":true}]}}