{"id":95,"date":"2011-02-13T12:04:57","date_gmt":"2011-02-13T12:04:57","guid":{"rendered":"http:\/\/bs.wordpress.org\/?page_id=95"},"modified":"2018-12-02T15:15:12","modified_gmt":"2018-12-02T14:15:12","slug":"projekti","status":"publish","type":"page","link":"https:\/\/bs.wordpress.org\/projekti\/","title":{"rendered":"Projekti"},"content":{"rendered":"<p><strong><a href=\"http:\/\/wordpress.org\">WordPress<\/a><\/strong> &#8211; Moderna semanti\u010dka platforma orijentisana na web standarde, jednostavnost i preglednost. Trenutna verzija prevedena na bosanski jezik je dostupna za preuzimanje pomo\u0107u ovog <a href=\"https:\/\/bs.wordpress.org\/latest-bs_BA.zip\">linka<\/a>. Prevedene datoteke mo\u017eete preuzeti na vi\u0161e na\u010dina:<\/p>\n<ul>\n<li>iz <a href=\"http:\/\/svn.automattic.com\/wordpress-i18n\/bs_BA\/tags\/\">repozitorija<\/a><\/li>\n<li>iz <a href=\"https:\/\/translate.wordpress.org\/projects\">GlotPressa<\/a> (potrebna je registracija)<\/li>\n<\/ul>\n<p><a href=\"http:\/\/wordpress.com\"><strong>WordPress.com<\/strong><\/a> &#8211; WordPress blog servis koji sadr\u017ei desetine hiljada blogova. Ovaj servis pru\u017ea mnogo dodatnih mogu\u0107nosti pa je koordinacija prijevoda poseban projekat.<\/p>\n<p><a href=\"http:\/\/bbpress.org\"><strong>bbPress<\/strong><\/a> &#8211; forum kreiran od strane WordPress programera, jednostavan i kompaktan. U potpunosti je komplatibilan sa WordPressom i mo\u017ee se integrisati u isti. Zahvaljujemo se Adnanu Bajramovi\u0107u na pomo\u0107i prilikom lokalizacije bbPressa na bosanski jezik. bbPress datoteke za bosanski jezik: <a href=\"http:\/\/svn.automattic.com\/bbpress-i18n\/bs_BA\/trunk\/bs_BA.po\">bs_BA.po<\/a> i <a href=\"http:\/\/svn.automattic.com\/bbpress-i18n\/bs_BA\/trunk\/bs_BA.mo\">bs_BA.mo<\/a>. bbPress plugin jo\u0161 nije u potpunosti preveden na bosanski jezik.<\/p>\n<p><strong><a href=\"http:\/\/buddypress.org\">BuddyPress<\/a><\/strong> &#8211; softver za kreiranje socijalne mre\u017ee zasnovan na WordPressu i bbPressu.<\/p>\n<p><a href=\"http:\/\/gravatar.com\"><strong>Gravatar<\/strong><\/a> &#8211; globalni servis za avatare, omogu\u0107ava vam dodjelu avatara ne neku email adresu, nakon \u010dega \u0107e se taj avatar prikazivati na svim stranicama koje podr\u017eavaju ovu tehnologiju.<\/p>\n","protected":false},"excerpt":{"rendered":"<p>WordPress &#8211; Moderna semanti\u010dka platforma orijentisana na web standarde, jednostavnost i preglednost. Trenutna verzija prevedena na bosanski jezik je dostupna za preuzimanje pomo\u0107u ovog linka. Prevedene datoteke mo\u017eete preuzeti na vi\u0161e na\u010dina: iz repozitorija iz GlotPressa (potrebna je registracija) WordPress.com &#8211; WordPress blog servis koji sadr\u017ei desetine hiljada blogova. Ovaj servis pru\u017ea mnogo dodatnih mogu\u0107nosti [&hellip;]<\/p>\n","protected":false},"author":3893914,"featured_media":0,"parent":0,"menu_order":0,"comment_status":"open","ping_status":"open","template":"","meta":{"_crdt_document":"","jetpack_post_was_ever_published":false,"footnotes":""},"class_list":["post-95","page","type-page","status-publish","hentry"],"jetpack_sharing_enabled":true,"_links":{"self":[{"href":"https:\/\/bs.wordpress.org\/wp-json\/wp\/v2\/pages\/95","targetHints":{"allow":["GET"]}}],"collection":[{"href":"https:\/\/bs.wordpress.org\/wp-json\/wp\/v2\/pages"}],"about":[{"href":"https:\/\/bs.wordpress.org\/wp-json\/wp\/v2\/types\/page"}],"author":[{"embeddable":true,"href":"https:\/\/bs.wordpress.org\/wp-json\/wp\/v2\/users\/3893914"}],"replies":[{"embeddable":true,"href":"https:\/\/bs.wordpress.org\/wp-json\/wp\/v2\/comments?post=95"}],"version-history":[{"count":21,"href":"https:\/\/bs.wordpress.org\/wp-json\/wp\/v2\/pages\/95\/revisions"}],"predecessor-version":[{"id":737,"href":"https:\/\/bs.wordpress.org\/wp-json\/wp\/v2\/pages\/95\/revisions\/737"}],"wp:attachment":[{"href":"https:\/\/bs.wordpress.org\/wp-json\/wp\/v2\/media?parent=95"}],"curies":[{"name":"wp","href":"https:\/\/api.w.org\/{rel}","templated":true}]}}